11, 271
Suppose -4*x = -2*c - 11980, 3*x + 17*c = 21*c + 8990. List the prime factors of x.
2, 3, 499
Let j(w) = -4*w + 1. Let y be j(1). Let o(g) = -5*g - 14. Let s be o(y). Suppose z - 21 + s = 0. List the prime factors of z.
2, 5
Let t be 75/(-6)*-38 + -4. Let n = 687 - t. What are the prime factors of n?
2, 3
Suppose 3988 = -33*a + 37*a. Suppose -4*g + 255 + a = 0. List the prime factors of g.
313
List the prime factors of (2 - 6200)/(-14*(-51)/(-2380)).
2, 5, 1033
Let f be 18/(-24) - 31388/(-16). Let q = 3375 - f. List the prime factors of q.
2, 7, 101
Suppose -14*d + 4 = -12*d. Suppose 99 = x - p, -8*x + 408 = -4*x + d*p. What are the prime factors of x?
101
Let z = -40612 + 66756. List the prime factors of z.
2, 19, 43
Suppose 2*t = -2, -12*d + 3*t = -7*d + 27. Let o(f) = -117*f + 32. What are the prime factors of o(d)?
2, 367
Let u = 18 + -12. Suppose 22*f = u*f + 80. What are the prime factors of (-1)/f + (-902)/(-10)?
2, 3, 5
Suppose 1168028 = -174*j + 235*j. What are the prime factors of j?
2, 4787
Let i(m) = -m**3 - 15*m**2 + 12*m - 61. Let z be i(-16). Let r(q) = 47*q**2 + 6*q - 13. What are the prime factors of r(z)?
2, 107
List the prime factors of (-26679)/(7 + (-152)/16 + (-2)/(-2)).
2, 8893
Suppose 0 = -10*f - 3*f + 6*f + 117208. List the prime factors of f.
2, 7, 13, 23
Let a(u) = 2*u**2 + 31*u - 59. Suppose 0 = 2*m + 5*m + 126. What are the prime factors of a(m)?
31
What are the prime factors of 35787/8 + (-69)/184?
3, 7, 71
Let x = 35316 - 13533. List the prime factors of x.
3, 53, 137
Let p(w) = w**3 + 75*w**2 - 278*w + 589. List the prime factors of p(-70).
44549
Suppose 0 = -4*r + 2*r + 12. List the prime factors of (21/(-70)*228)/(r/(-20)).
2, 3, 19
Let c = 0 + -12. Let y be ((-2)/c)/((-8)/32)*33. Let f = 57 - y. What are the prime factors of f?
79
Suppose 0 = -5*z - 12 - 8. Let o be 3*(-10)/10 + 31. Let p = z + o. List the prime factors of p.
2, 3
What are the prime factors of 10/(-2) + 42773 + -27 + -14?
42727
Let h(w) = w**3 - 2*w**2 + w + 6. Let i be 12 + -3 - (-6)/(-2). Suppose -i*d = -4*d - 10. What are the prime factors of h(d)?
2, 43
Let q(c) = -12*c + 427. Let o(d) = 8*d - 425. Let z(l) = 2*o(l) + 3*q(l). What are the prime factors of z(11)?
211
Let f(h) be the first derivative of h**6/120 + h**5/5 + h**3/2 + 25*h**2 - 50. Let x(m) be the second derivative of f(m). List the prime factors of x(-10).
7, 29
Let q(t) = 1555*t + 13440. List the prime factors of q(0).
2, 3, 5, 7
Let l = 7031 - 6137. What are the prime factors of l?
2, 3, 149
Let u = 85201 - 44152. List the prime factors of u.
3, 4561
Suppose -3*z + 2*g + 13 = 0, -3*g = 2*g - 5. Suppose 11*r - 13*r = f - 3831, 4*r = -z*f + 7677. List the prime factors of r.
1913
Suppose 3*g - 2*f = -3 + 4, 4*g + 3*f - 24 = 0. Suppose -2*x + n + 9 = 0, 0 = -4*x + n + g*n + 16. Suppose x*d - 81 = 64. List the prime factors of d.
29
Suppose y - 8 = -4. Let b(j) = 5*j**2 - 2*j - 9. Let t be b(y). Suppose -3*d - t = -4*d. List the prime factors of d.
3, 7
Suppose -147112 = -4*q + 4*y, -5*q + 6*y + 110310 = -2*q. List the prime factors of q.
2, 3, 6131
Let a = 23 - 23. Suppose -4*c + 14 + 2 = a. Suppose -4*g - w = 2*w - 265, -c*w + 12 = 0. What are the prime factors of g?
2
Let u(x) = -9*x + 63. Let t be u(7). Suppose v + 3*l - 190 = t, 8*l = -5*v + 6*l + 911. List the prime factors of v.
181
Let q(s) = -s**3 + 21*s**2 - 32*s - 10. Suppose 4*z = -g + 12 - 134, -g - 29 = z. Let u = 50 + z. What are the prime factors of q(u)?
2, 13
Let r(w) = 148*w + 104*w - 180*w + 118. What are the prime factors of r(5)?
2, 239
List the prime factors of (-1 + 110)/(9/927).
103, 109
Let h be -4*(-2)/(-4) + 5 - 2300. Let l = 3390 + h. What are the prime factors of l?
1093
Let l be 158/8 + (-6)/(-24). Let k be (40 - l)*(0 - (-106)/4). Suppose 2*y - 6*y + k = 2*a, a - 268 = -3*y. List the prime factors of a.
7, 37
Suppose 20 = -3*n + 4*n + f, f + 22 = n. Let o(h) = -h**3 + 23*h**2 - 18*h - 25. What are the prime factors of o(n)?
479
Let n(h) = 649*h**2 + 31*h - 77. What are the prime factors of n(8)?
179, 233
Let y(t) be the first derivative of 67*t**2/2 - 114*t - 150. What are the prime factors of y(12)?
2, 3, 5, 23
Suppose 0 = 7*c + 378 + 518. List the prime factors of 192/c*212/(-3).
2, 53
Let i(v) = -15 - 7*v - v**2 + 7*v - 19*v. Suppose -2*r - 8 = -2*j, r - 3*j + 1 = -j. What are the prime factors of i(r)?
3, 23
Let i be ((-570)/(-4))/((-213)/(-1136)). Let w = i + -443. What are the prime factors of w?
317
Let t = 5008 - -1898. What are the prime factors of t?
2, 3, 1151
Let x(w) = 640*w**2 + 14*w - 23. Let z be x(2). Let t = -1360 + z. What are the prime factors of t?
5, 241
Let w(l) = 40*l**2 + 13*l - 4. Let v(h) = -40*h**2 - 12*h + 4. Let j(o) = -7*v(o) - 6*w(o). What are the prime factors of j(-3)?
2, 13
Let s(i) = 2*i**3 + 26*i**2 - 47*i - 157. List the prime factors of s(15).
2, 5869
Let n be (-2)/(-7) - (-66)/14. Suppose 11*g = 12*g - 268. Suppose n*s + g = 703. List the prime factors of s.
3, 29
Let g(u) = u**3 + 38*u**2 - 74*u - 159. Let v be g(-37). Let a = v + -2257. List the prime factors of a.
19, 89
Let g(l) = l**3 - 41*l**2 + 160*l - 6. What are the prime factors of g(47)?
2, 11, 59
Let o(c) = -c**3 - 8*c**2 + 3*c + 4. Let h be o(-8). Suppose 2*u - 7*u + 5*q = -190, 0 = 3*u + 5*q - 122. Let b = u - h. What are the prime factors of b?
59
Suppose 4*f = -r + 2519, -4*r = 4*f - 5361 - 4751. Let m = r + -1450. What are the prime factors of m?
23, 47
Let k = -150 - -158. Let c = 25 - 25. Suppose c = -k*y + 9*y - 79. What are the prime factors of y?
79
Let t(y) = -733*y**3 + 22*y**2 + 38*y - 10. What are the prime factors of t(-2)?
2, 7, 419
Suppose 2*u = 5*i - 130417, -u - 36529 = -2*i + 15639. List the prime factors of i.
11, 2371
Suppose -3*w = 3*j - 3201, 5*j - 5326 = 30*w - 32*w. What are the prime factors of j?
2, 7, 19
Let j(i) be the third derivative of -i**6/120 - 2*i**5/15 - 7*i**4/24 - 16*i**2. Let m be j(-7). Suppose 2*h - 302 = -m*h. List the prime factors of h.
151
Suppose u = -357*b + 362*b + 4167, 3*b - 4143 = -u. List the prime factors of u.
2, 3, 173
Suppose -5*w + 44273 = 3*n, -5*w - 5894 = -2*n - 50137. List the prime factors of w.
53, 167
Suppose -18*f = 65*f - 18126 - 265900. What are the prime factors of f?
2, 29, 59
Let k(f) = -357*f**3 - 2*f**2 - 7*f - 8. What are the prime factors of k(-4)?
2, 3, 11, 173
Let q be (-10)/20*-21*(-68)/2. List the prime factors of -5 + 9 + (1 - q).
2, 181
Let x = 680 - 386. Let k = 309 - x. List the prime factors of k.
3, 5
List the prime factors of 8/(-36) - (-121522)/18.
43, 157
Let a = 54 + -99. Let x = 48 + a. Suppose 4*f = -f + 10, -x*f = -2*i + 142. What are the prime factors of i?
2, 37
Suppose f = -4*f + 1350. Let m = 1345 + -879. Suppose 3*l + 3*o = f, 5*l = -0*o + 3*o + m. List the prime factors of l.
2, 23
Suppose -6*p + 5*n + 185633 = 0, 10*p + 4*n = 6*p + 123792. List the prime factors of p.
11, 29, 97
Let b = 12766 + -8030. List the prime factors of b.
2, 37
Suppose 133*k - 832000 = 69*k. What are the prime factors of k?
2, 5, 13
Suppose -164*b - 15 = -169*b. Suppose f = -2*f - 2*q + 1271, 0 = f + b*q - 419. List the prime factors of f.
5, 17
Let v = 2370 + 78. Suppose 2352 + v = 3*c. List the prime factors of c.
2, 5
Let m = 91709 + -28114. List the prime factors of m.
5, 7, 23, 79
Let z = 3 + -3. Suppose 14 = 2*y + 2*g, -y + z*y + 9 = 2*g. Suppose -2*q + 0*q = -3*x + 387, 2*x + y*q - 258 = 0. What are the prime factors of x?
3, 43
Let h(b) = b**3 + 9*b**2 - b - 4. Let q be h(-9). Suppose -5*l - 2*i - 11 - 12 = 0, -5*i = q*l + 35. List the prime factors of (l - 41)/(-4) - -4.
3, 5
Let u = -1680 - -950. Let v = u - -1617. List the prime factors of v.
887
Suppose -5*m = t + t - 21, -2*m = 3*t - 4. Suppose -b = h + 3*b - 160, m*b + 446 = 3*h. Let n = h + 44. What are the prime factors of n?
2, 7
Let d = -14695 + 23781. List the prime factors of d.
2, 7, 11, 59
Suppose 202*n = -5*h + 197*n + 311475, 2*n + 8 = 0. What are the prime factors of h?
62299
Suppose -4*c - 13*c + 68 = 0. What are the prime factors of (((-8)/(-6))/c)/((-1)/(-1038))?
2, 173
List the prime factors of 155276/3 - ((-1520)/(-120) + -12).
2, 7, 3697
Let v be 6438/18 + (-4)/(-12). Suppose 207 = m - v. What are the prime factors of m?
5, 113
L